e 3, what is -1 + -12012?
-12020
In base 11, what is -693 - 2?
-695
In base 4, what is -3 - 1111?
-1120
In base 6, what is -5 + 35?
30
In base 5, what is -3 - 342?
-400
In base 4, what is -22 - 231?
-313
In base 16, what is -4 - 12d?
-131
In base 12, what is -14a7 - 1?
-14a8
In base 5, what is -241 - -4?
-232
In base 4, what is -1313 - 11?
-1330
In base 10, what is -1 - 77?
-78
In base 4, what is 1 - -11002?
11003
In base 9, what is -45 - -21?
-24
In base 3, what is -1121100 + -20?
-1121120
In base 11, what is -17 - -11?
-6
In base 4, what is 0 - 330?
-330
In base 4, what is -22 - 231?
-313
In base 15, what is 47 + -27?
20
In base 16, what is 229b - -3?
229e
In base 11, what is 3 - 74?
-71
In base 7, what is 45000 - -1?
45001
In base 2, what is 1 + 101100000000?
101100000001
In base 9, what is -53 + -23?
-76
In base 9, what is -3 + -5?
-8
In base 3, what is 1 + -200212?
-200211
In base 11, what is 2a + -a?
20
In base 8, what is 4133 + -5?
4126
In base 8, what is 1 - 356?
-355
In base 13, what is -105 - 0?
-105
In base 7, what is 40 - 664?
-624
In base 12, what is -34 + -5?
-39
In base 13, what is -2 - 1083?
-1085
In base 6, what is -12 - -412?
400
In base 8, what is -10 - 2161?
-2171
In base 3, what is 10 - 10200202?
-10200122
In base 15, what is -5 - 16?
-1b
In base 16, what is d + 9d?
aa
In base 5, what is -10 - -4011?
4001
In base 11, what is -2 + -10?
-12
In base 10, what is -2880 + 1?
-2879
In base 6, what is 4 - 33213?
-33205
In base 12, what is -189 - 4?
-191
In base 14, what is 5a + a?
66
In base 11, what is 4a - -6?
55
In base 2, what is -1 - -1000111?
1000110
In base 14, what is -1 - 138?
-139
In base 7, what is 5 - -1?
6
In base 5, what is 123 - 1200?
-1022
In base 10, what is -1 + 863?
862
In base 15, what is 7c4 + 5?
7c9
In base 13, what is -b8 - 6?
-c1
In base 13, what is b0 - -4?
b4
In base 7, what is 2221 + -5?
2213
In base 11, what is 4 + -552a?
-5526
In base 10, what is 37 - 10?
27
In base 4, what is -131210 - 10?
-131220
In base 11, what is -35 + -17?
-51
In base 4, what is -10 + -1331?
-2001
In base 11, what is 1423 - -1?
1424
In base 16, what is 9 + -16?
-d
In base 6, what is -335 + 2?
-333
In base 4, what is 2 + 1112?
1120
In base 14, what is 1a - b?
d
In base 9, what is 238 + -3?
235
In base 12, what is 11 - 0?
11
In base 10, what is -2 + -1?
-3
In base 5, what is 21 + -1414?
-1343
In base 4, what is -2 - 223?
-231
In base 10, what is 3 - -811?
814
In base 3, what is -1211 - 2?
-1220
In base 14, what is -3 - 66?
-69
In base 9, what is 4 + -182?
-177
In base 6, what is 2354 - -4?
2402
In base 7, what is -52 - -1544?
1462
In base 14, what is 5 + -1105?
-1100
In base 4, what is -1 - 1131113?
-1131120
In base 10, what is 5 - 2840?
-2835
In base 6, what is -4 - -1115?
1111
In base 8, what is 5 + -307?
-302
In base 14, what is 9 + 7?
12
In base 12, what is 246 - 2?
244
In base 8, what is 60 - -22?
102
In base 6, what is -2 - -11440?
11434
In base 5, what is 34 - 20?
14
In base 2, what is 11 - -100001000?
100001011
In base 9, what is 11626 - 0?
11626
In base 4, what is 12132 - -10?
12202
In base 6, what is -4 + 24?
20
In base 4, what is 1010 - 23?
321
In base 6, what is -55 - 142?
-241
In base 6, what is 40 + -10?
30
In base 11, what is -1 + 20?
1a
In base 3, what is 211220102 + 0?
211220102
In base 3, what is -10 + -2221211?
-2221221
In base 5, what is 233 - 0?
233
In base 8, what is -13 + 5?
-6
In base 12, what is 8ba + -5?
8b5
In base 3, what is 120122 - 1001?
112121
In base 4, what is 121 - 3?
112
In base 10, what is -3 + -100?
-103
In base 9, what is 4 - 544?
-540
In base 4, what is 13113 - 121?
12332
In base 6, what is -1000 - -3?
-553
In base 11, what is -12 + 105?
a3
In base 14, what is 420 - 5?
419
In base 15, what is -3 + d21?
d1d
In base 9, what is 0 + 1?
1
In base 16, what is 122 - -8?
12a
In base 2, what is -101 + 100101011011?
100101010110
In base 8, what is -4 + -247?
-253
In base 6, what is 5 - 103?
-54
In base 12, what is 579 - -6?
583
In base 13, what is 5 + -12?
-a
In base 6, what is -510 + 4?
-502
In base 3, what is 0 + -2102?
-2102
In base 12, what is 155b - -3?
1562
In base 16, what is -2 + -2?
-4
In base 6, what is 0 + -23?
-23
In base 5, what is 14443 + 4?
20002
In base 4, what is -13323 + 1?
-13322
In base 10, what is -8395 + 1?
-8394
In base 3, what is -11110 - 200?
-12010
In base 12, what is 2 + 35?
37
In base 2, what is -100010110 + -10?
-100011000
In base 13, what is -64 - 5b?
-c2
In base 4, what is -2 + 110331?
110323
In base 2, what is 1001111 + 0?
1001111
In base 4, what is -311 + 13302?
12331
In base 4, what is -10310 + 1?
-10303
In base 15, what is aa - -c?
b7
In base 9, what is 0 + 1874?
1874
In base 16, what is -5 + -cc?
-d1
In base 4, what is 10212 - 2?
10210
In base 7, what is 4 + 454?
461
In base 4, what is 10031 - -3?
10100
In base 10, what is -53 + 5?
-48
In base 15, what is -63 - -45?
-1d
In base 15, what is -b53 - 5?
-b58
In base 2, what is -10001011110 - 100?
-10001100010
In base 11, what is -8a + a7?
18
In base 7, what is 510 - 1?
506
In base 13, what is 0 - 9?
-9
In base 12, what is 3 - 33?
-30
In base 16, what is -7 - -5?
-2
In base 2, what is 1000 + 1011?
10011
In base 10, what is 40 + 6?
46
In base 7, what is 5 - 252?
-244
In base 10, what is -99 + 6?
-93
In base 12, what is 4 + -11a?
-116
In base 14, what is -65 + -1?
-66
In base 12, what is -13 - -36?
23
In base 5, what is 1 - 0?
1
In base 7, what is 4 + 102?
106
In base 3, what is -101022 - 11?
-101110
In base 3, what is 22 - -2010?
2102
In base 11, what is 522 + -4?
519
In base 12, what is 3 - -ab?
b2
In base 4, what is 2103 - -101?
2210
In base 8, what is 33 - 245?
-212
In base 5, what is 1 - -10?
11
In base 6, what is 14 - -12?
30
In base 3, what is 1001 + 11?
1012
In base 4, what is -22 - -221300?
221212
In base 13, what is 14 + 0?
14
In base 12, what is -4 + 146?
142
In base 9, what is -138 - 4?
-143
In base 15, what is -14 + -6?
-1a
In base 2, what is -1 - -101001?
101000
In base 10, what is 1 - 988?
-987
In base 13, what is -47 - -35?
-12
In base 11, what is 14 - a?
5
In base 12, what is -2 + 44b?
449
In base 13, what is 9 - 19?
-10
In base 12, what is -11 + -125?
-136
In base 6, what is 303 + 40?
343
In base 13, what is -c + 72?
63
In base 9, what is 1035 - 4?
1031
In base 7, what is -3 - -12?
6
In base 2, what is -100 - -101111?
101011
In base 5, what is 10240 + 0?
10240
In base 7, what is -2656 - -2?
-2654
In base 2, what is -1 + 111000?
110111
In base 10, what is 890 + -2?
888
In base 12, what is 136 - 8?
12a
In base 15, what is 62 + 8?
6a
In base 16, what is -1 - -30?
2f
In base 7, what is -4113 + 2?
-4111
In base 4, what is 133 + -12103?
-11310
In base 8, what is -1415 - 27?
-1444
In base 7, what is -220 - -1?
-216
In base 15, what is -4 + 96?
92
In base 10, what is 4 + 30?
34
In base 12, what is 0 + 1380?
1380
In base 16, what is ee - 0?
ee
In base 16, what is 42f - -3?
432
In base 2, what is 100110001010 - 1?
100110001001
In base 4, what is -2 + 2011?
2003
In base 2, what is -11 + -10000001?
-10000100
In base 9, what is 4654 - -5?
4660
In base 5, what is 1341 - -20?
1411
In base 7, what is 1 + -66?
-65
In base 9, what is -16 + -44?
-61
In base 2, what is -11001 - 1000001?
-1011010
In base 2, what is -1110 - 10000?
-11110
In base 14, what is 149 + 1?
14a
In base 16, what is -4 - -7e?
7a
In base 13, what is 14c4 + -5?
14bc
In base 4, what is 1202 + -20?
1122
In base 7, what is -2 + 300?
265
In base 14, what is 163 - -1?
164
In base 16, what is -31 - -1?
-30
In base 2, what is -10100001111 + -1?
-10100010000
In base 8, what is -65132 + -4?
-65136
In base 4, what is 1213 + 1133?
3012
In base 10, what is 447 + 12?
459
In base 15, what is 0 + 120?
120
In base 14, what is 2 - a99?
-a97
In base 14, what is -1 - 20?
-21
In base 2, what is -11000 + 10010000?
1111000
In base 10, what is 0 + -86?
-86
In base 13, what is -4 - 18a?
-191
In base 5, what is -1322 - 3?
-1330
In base 10, what is -4799 + -5?
-4804
In base 6, what is 20035 - -2?
20041
In base 8, what is 2226 + 4?
2232
In base 2, what is -11 - 1111000?
-1111011
In base 2, what is 0 + 11011?
11011
In base 7, what is 1 + 1510?
1511
In base 3, what is 2 + 1100?
1102
In base 2, what is -110 + -11000?
-11110
In base 13, what is -18b + 0?
-18b
In base 8, what is 0 + 